35 is divided by v?
3
Let w be (2/(-19))/(-1) + (-70208)/(-152). Let b = 480 - w. Calculate the remainder when b is divided by 3.
0
Let c(t) = -t**2 + 36*t - 78. Calculate the remainder when c(30) is divided by 89.
13
Let l be 1/(9/(-7554))*81/(-54). Let v = l + -854. What is the remainder when v is divided by 82?
77
Let w(o) = -15*o + 5. Suppose 27*r - 18*r - 13*r = -156. Calculate the remainder when w(-10) is divided by r.
38
Let q(r) = -r**3 + 2*r + 333. Let y be q(0). Let t = y - 280. Calculate the remainder when t is divided by 19.
15
Suppose -4 = 3*p - 4*g, 2*p - 3*g + 2 = -1. Suppose p = -5*t + 3*l + 93, 0*l = 5*t + l - 109. Calculate the remainder when 160 is divided by t.
13
Let v = 88 + -175. Let l = -4 - v. What is the remainder when l is divided by 12?
11
Suppose -4*w + 3*p + 1028 = 0, -32*w + 10*p + 1335 = -27*w. What is the remainder when w is divided by 55?
31
Suppose 7029 = 3760*u - 3121*u. Let j = 69 - 26. Suppose 3*d + 128 = 5*y - 199, -y + j = 5*d. Calculate the remainder when y is divided by u.
8
Let z(u) = -34*u**2 - 7*u + 6. Let j be z(1). Let m(w) = w**2 + 29*w - 166. What is the remainder when m(j) is divided by 13?
5
Let m = -567 + 960. Let h = m + -380. Calculate the remainder when 142 is divided by h.
12
Calculate the remainder when 1007 is divided by (-92)/115 - (-848)/10.
83
Let b(i) = i**3 + 8*i**2 - i - 5. Suppose 48 = -4*j - 2*j. Let o be b(j). Let w(a) = -a + 8. Calculate the remainder when 9 is divided by w(o).
4
Let a(d) = d**3 - 4*d**2 + 3*d + 4. Let w be a(3). Calculate the remainder when 226/w + (-1)/(-2) is divided by (67 - -9) + -287 + 232.
15
Let i(r) = -1096*r + 14295. Suppose u + 0 + 1 = 0. What is the remainder when i(13) is divided by u - (1 + 54/(-2))?
22
Suppose -4*f = -c + 63, 3*c + f - 167 = -c. Let x = -41 - -38. Let a(y) = 15*y**2 + 3*y + 1. Calculate the remainder when a(x) is divided by c.
41
Suppose 20*i - 120 = 15*i. Suppose 0 = -2*l - 2*d + i, 5*l - d - 18 = 3*l. Calculate the remainder when 58 is divided by l.
8
Let k(b) = 4*b - 33. Let s = -86 + 83. What is the remainder when k(11) is divided by (-2 + 3/(-3))*s?
2
Suppose 22 = 5*b + 3*u, -2*b + 6 = 3*b - u. Suppose -b*d + 5*x - 12 = -196, -d - 3*x = -92. What is the remainder when d is divided by 5?
2
What is the remainder when 868 is divided by (15 + (-343)/(-28))*4?
105
Let d(w) be the third derivative of -w**5/60 + 17*w**4/24 - 35*w**3/6 + 6*w**2. What is the remainder when 98 is divided by d(12)?
23
Suppose 4 = 2*u, 20 + 8 = 4*k + 4*u. Let x be (-8)/(-16)*(-1 - -1). Suppose x = 2*n - 18 + 10. What is the remainder when k is divided by n?
1
What is the remainder when 1651 is divided by (57 - 47)/(-15*(-6)/216)?
19
Let x be -2 - (-6)/(18/(-165)). Let y = x + 3. Let c = 77 + y. Calculate the remainder when c is divided by 3.
2
Suppose -375*a + 76886 - 15386 = 0. What is the remainder when 570 is divided by a?
78
Let g = -7210 - -7240. Calculate the remainder when 651 is divided by g.
21
Suppose -2*y - 160 = -4*h, 3*h + 2*h = 2*y + 199. Let c = h - 4. Let v = c - 19. What is the remainder when 59 is divided by v?
11
Let f = 79568 - 79515. Let d(q) = 26*q. What is the remainder when d(4) is divided by f?
51
Let d = 383 + -252. Let s = 36 + d. What is the remainder when s is divided by 7?
6
Let y(f) = -f**3 - 18*f**2 + 57*f - 67. What is the remainder when 70 is divided by y(-21)?
11
Suppose -3*m = -5*n - 57, 3*m + n + 17 = 4*m. Suppose 17 = -m*h + 493. What is the remainder when 167 is divided by h?
31
Suppose -2*q - 1018 = -4*w, 5*w = -2*q + 1644 - 349. Calculate the remainder when 483 is divided by w.
226
Let d = -1015 + 1075. Calculate the remainder when 227 is divided by d.
47
What is the remainder when 5 + -1 + -99 + 244 is divided by 43?
20
Let h(z) = -z**3 - 19*z**2 - 20*z - 95. Let d be h(-19). Suppose 263 = -2*x + d. Calculate the remainder when 39 is divided by x.
6
Suppose 4*k + 7*y = 2*y + 245, 2*k + 4*y = 130. What is the remainder when 697 is divided by k?
37
Suppose 54 = s - 4*t, 18*s - 2*t = 23*s - 204. Suppose 16*w = 2*w + s. Calculate the remainder when 59 is divided by w.
2
Let t(k) = -5*k**2 - 33*k + 8. Let f be t(-6). Suppose 0 = 2*q + 3*q - 275. Let d = q - f. What is the remainder when d is divided by 10?
9
Let f = 2150 + -2047. Calculate the remainder when 3395 is divided by f.
99
Let j(r) = 40*r**2 - 79*r - 33. Calculate the remainder when j(8) is divided by 76.
71
Let n(m) = m**3 - 10*m**2 + m + 6. Let l be n(10). Let v = -112 - -138. Let d = v + l. What is the remainder when d is divided by 23?
19
Let c = -296 + 302. Suppose 4*m = k + 2*k - 15, k - m - c = 0. Calculate the remainder when 140 is divided by k.
5
Suppose -12*h - 4*d = -9*h - 835, 4*h - 3*d - 1105 = 0. Let u = h - 188. Calculate the remainder when u is divided by 49.
40
Suppose 18*c - 14*c - 22 = -p, 0 = 2*p + 3*c - 19. Suppose 2*x = -5*l + 335, 4*l = -0*l + p*x + 250. Calculate the remainder when l is divided by 34.
31
Suppose -110778*r - 428 = -110782*r - 4*w, 4*r = 4*w + 324. Suppose 375 = 5*o - 4*o. What is the remainder when o is divided by r?
93
Let t = -7385 + 7467. What is the remainder when 3685 is divided by t?
77
Suppose 42*m - 269 = -4*j + 39*m, 3*j = 5*m + 180. Let a(z) = -15*z**3 + 2*z**2 + 2*z + 3. What is the remainder when a(-2) is divided by j?
62
Suppose -10*q + 34*q - 96 = 0. Suppose 4*y - 520 = -q*w, 3*w - y = 190 + 188. What is the remainder when w is divided by 48?
31
Let j be (-6)/((75/(-280))/(-5)). What is the remainder when 12/(-21) - (-2)/(j/(-1992)) is divided by 15?
5
Suppose 0 = -5*v + 4*y + 1251, 0 = 3*v - y - 249 - 503. What is the remainder when v is divided by 21?
20
Let z(f) = -2*f**2 + 11*f - 6. Suppose 0 = 2*t + 4*m - 22, 0*t - t + 2*m - 5 = 0. Calculate the remainder when z(t) is divided by 4.
1
Suppose -8*p - 7192 = -576. Let m = 1035 + p. Calculate the remainder when m is divided by 19.
18
Let u(n) = -n**2 + 5*n + 2. Let j be u(5). Let w be j + 0 + 0/4. Suppose w*m - 12 = -2*a, 4*m - a - 2*a - 52 = 0. What is the remainder when 27 is divided by m?
7
Suppose 2*o = -11*o + 26. Suppose 0 = -o*p - 2*d + 150, -28*p + 26*p = 4*d - 152. Calculate the remainder when p is divided by 11.
8
Let i(u) = 9*u**2 + 61*u + 316. What is the remainder when i(-5) is divided by 8?
4
Let a(u) = -6*u + 120. Let h be a(23). What is the remainder when (-84)/h*(-63)/(-2) is divided by 50?
47
Let a(f) = -f**3 + 26*f**2 + 87*f + 30. Suppose 3*k = -3*y + 78, 9*k - 4*y - 157 = 4*k. What is the remainder when a(k) is divided by 15?
0
Let i = 116 - 79. Suppose -s - q = i - 118, 0 = 5*s - q - 387. Suppose -127*z = -124*z - 81. What is the remainder when s is divided by z?
24
Let k(l) = 2*l**2 + 121*l + 2635. Calculate the remainder when k(-20) is divided by 204.
199
Let k be 14 + (-6)/2 + -3 - 0. What is the remainder when 4 is divided by k - (-5 - 36/(-4))?
0
Suppose 5*m + 3*r = -794 - 115, 4*m = -4*r - 724. Let c = m + 212. What is the remainder when c is divided by 4?
1
Let s = 447 + -375. Let i(u) = -5*u. Suppose 4 = -2*h, 4*c = c + 4*h - 7. Calculate the remainder when s is divided by i(c).
22
Suppose -9 = i - 11. Suppose 16*h - 28*h + 84 = 0. Calculate the remainder when i/10 + 256/20 is divided by h.
6
Let c(k) = 3*k**3 + 14*k**2 - 54*k - 7. Suppose -n - 5*b - 5 = -0*b, -2*n + 4*b = -60. Calculate the remainder when c(4) is divided by n.
13
Let q = -6 - -15. Let l be 5 + (-6*1)/(14 - 12). Suppose 50 = l*d + 4*m - 9*m, 0 = 2*m. Calculate the remainder when d is divided by q.
7
Suppose 87*i + 77*i - 18866 = 47226. Calculate the remainder when 1210 is divided by i.
1
What is the remainder when 381 is divided by 260/(-35)*(-21)/2?
69
Suppose 3*s + d + 14 = 5*d, 2*s = 4*d - 16. Suppose 3*j + 15 = 0, 20 = -h - 4*h - s*j. What is the remainder when 171 - -6*h/4 is divided by 17?
15
Suppose 19 = 2*g - o - 2*o, 4*g + 3*o = -7. Suppose -23 = -g*s + 131. Calculate the remainder when s is divided by (-25)/2*1/(-10)*16.
17
Let l(p) = 4*p**2 - 10*p + 18. Let f be l(5). Suppose f*m = 70*m - 260. Calculate the remainder when m is divided by 22.
20
Let o be (-20)/(-30) - (-2336)/(-3). Let y = o - -1169. What is the remainder when y is divided by 14?
13
Let w(r) = 5*r**2 + 248*r + 264. Calculate the remainder when w(-49) is divided by 21.
12
Let 